{"id":17724,"date":"2022-08-02T12:45:07","date_gmt":"2022-08-02T10:45:07","guid":{"rendered":"https:\/\/clarisas.cat\/?post_type=tribe_events&#038;p=17724"},"modified":"2022-08-02T12:45:07","modified_gmt":"2022-08-02T10:45:07","slug":"festa-de-santa-clara-dassis","status":"publish","type":"tribe_events","link":"https:\/\/clarisas.cat\/ca\/acte-clarisses-girona\/festa-de-santa-clara-dassis\/","title":{"rendered":"Festa de Santa Clara d&#8217;Ass\u00eds"},"content":{"rendered":"<p style=\"text-align: left;\">\n<div id=\"attachment_16855\" style=\"width: 270px\" class=\"wp-caption alignnone\"><img aria-describedby=\"caption-attachment-16855\" class=\"wp-image-16855 size-medium\" src=\"https:\/\/clarisas.cat\/wp-content\/uploads\/2019\/09\/S.Chiara-1-260x300.jpg\" alt=\"festa de santa clara\" width=\"260\" height=\"300\" srcset=\"https:\/\/clarisas.cat\/wp-content\/uploads\/2019\/09\/S.Chiara-1-260x300.jpg 260w, https:\/\/clarisas.cat\/wp-content\/uploads\/2019\/09\/S.Chiara-1.jpg 510w\" sizes=\"(max-width: 260px) 100vw, 260px\" \/><p id=\"caption-attachment-16855\" class=\"wp-caption-text\">Missa d&#8217;acci\u00f3 de gr\u00e0cies a les 11&#8217;30. Trobada fraterna amb les germanes.<\/p><\/div>\n<p style=\"text-align: left;\">Benet XVI parlant de\u00a0 santa Clara, afirm\u00e0 que:\u00a0 \u201cEl seu testimoni ens mostra quant deu l&#8217;Esgl\u00e9sia a dones valentes i plenes de fe com ella, capaces de donar un impuls decisiu per a la renovaci\u00f3 de l&#8217;Esgl\u00e9sia.\u201d<\/p>\n","protected":false},"excerpt":{"rendered":"<p>\u201cEl seu testimoni ens mostra quant deu l&#8217;Esgl\u00e9sia a dones valentes i plenes de fe com ella, capaces de donar un impuls decisiu per a la renovaci\u00f3 de l&#8217;Esgl\u00e9sia.\u201d<\/p>\n","protected":false},"author":3,"featured_media":0,"comment_status":"closed","ping_status":"closed","template":"","meta":{"_tribe_events_status":"","_tribe_events_status_reason":""},"tags":[],"tribe_events_cat":[],"yoast_head":"<!-- This site is optimized with the Yoast SEO plugin v17.6 - https:\/\/yoast.com\/wordpress\/plugins\/seo\/ -->\n<title>Festa de Santa Clara d&#039;Ass\u00eds | Agenda<\/title>\n<meta name=\"description\" content=\"Agenda de la Fraternitat de Clarisses: Festa de Santa Clara d&#039;Ass\u00eds\" \/>\n<meta name=\"robots\" content=\"index, follow, max-snippet:-1, max-image-preview:large, max-video-preview:-1\" \/>\n<link rel=\"canonical\" href=\"https:\/\/clarisas.cat\/ca\/acte-clarisses-girona\/festa-de-santa-clara-dassis\/\" \/>\n<meta property=\"og:locale\" content=\"ca_ES\" \/>\n<meta property=\"og:type\" content=\"article\" \/>\n<meta property=\"og:title\" content=\"Festa de Santa Clara d&#039;Ass\u00eds | Agenda\" \/>\n<meta property=\"og:description\" content=\"Agenda de la Fraternitat de Clarisses: Festa de Santa Clara d&#039;Ass\u00eds\" \/>\n<meta property=\"og:url\" content=\"https:\/\/clarisas.cat\/ca\/acte-clarisses-girona\/festa-de-santa-clara-dassis\/\" \/>\n<meta property=\"og:site_name\" content=\"Fraternitat de Clarisses de Vilob\u00ed d\u2019Onyar - Girona | Hostatgeria\" \/>\n<meta property=\"article:publisher\" content=\"https:\/\/www.facebook.com\/claradassis.fraternitatgirona\" \/>\n<meta property=\"og:image\" content=\"https:\/\/clarisas.cat\/wp-content\/uploads\/2019\/09\/S.Chiara-1-260x300.jpg\" \/>\n<meta name=\"twitter:card\" content=\"summary_large_image\" \/>\n<meta name=\"twitter:site\" content=\"@clarisasvilobi\" \/>\n<meta name=\"twitter:label1\" content=\"Temps estimat de lectura\" \/>\n\t<meta name=\"twitter:data1\" content=\"1 minut\" \/>\n<script type=\"application\/ld+json\" class=\"yoast-schema-graph\">{\"@context\":\"https:\/\/schema.org\",\"@graph\":[{\"@type\":\"WebSite\",\"@id\":\"https:\/\/clarisas.cat\/ca\/#website\",\"url\":\"https:\/\/clarisas.cat\/ca\/\",\"name\":\"Fraternitat de Clarisses de Vilob\\u00ed d\\u2019Onyar - Girona | Hostatgeria\",\"description\":\"Les Clarisses de Girona desitgem compartir la riquesa i joia de viure, des de la fraternitat i la preg\\u00e0ria. Obert a tothom que vulgui compartir la preg\\u00e0ria.\",\"potentialAction\":[{\"@type\":\"SearchAction\",\"target\":{\"@type\":\"EntryPoint\",\"urlTemplate\":\"https:\/\/clarisas.cat\/ca\/?s={search_term_string}\"},\"query-input\":\"required name=search_term_string\"}],\"inLanguage\":\"ca\"},{\"@type\":\"ImageObject\",\"@id\":\"https:\/\/clarisas.cat\/ca\/acte-clarisses-girona\/festa-de-santa-clara-dassis\/#primaryimage\",\"inLanguage\":\"ca\",\"url\":\"https:\/\/clarisas.cat\/wp-content\/uploads\/2019\/09\/S.Chiara-1.jpg\",\"contentUrl\":\"https:\/\/clarisas.cat\/wp-content\/uploads\/2019\/09\/S.Chiara-1.jpg\",\"width\":510,\"height\":588,\"caption\":\"festa de santa clara\"},{\"@type\":\"WebPage\",\"@id\":\"https:\/\/clarisas.cat\/ca\/acte-clarisses-girona\/festa-de-santa-clara-dassis\/#webpage\",\"url\":\"https:\/\/clarisas.cat\/ca\/acte-clarisses-girona\/festa-de-santa-clara-dassis\/\",\"name\":\"Festa de Santa Clara d'Ass\\u00eds | Agenda\",\"isPartOf\":{\"@id\":\"https:\/\/clarisas.cat\/ca\/#website\"},\"primaryImageOfPage\":{\"@id\":\"https:\/\/clarisas.cat\/ca\/acte-clarisses-girona\/festa-de-santa-clara-dassis\/#primaryimage\"},\"datePublished\":\"2022-08-02T10:45:07+00:00\",\"dateModified\":\"2022-08-02T10:45:07+00:00\",\"description\":\"Agenda de la Fraternitat de Clarisses: Festa de Santa Clara d'Ass\\u00eds\",\"breadcrumb\":{\"@id\":\"https:\/\/clarisas.cat\/ca\/acte-clarisses-girona\/festa-de-santa-clara-dassis\/#breadcrumb\"},\"inLanguage\":\"ca\",\"potentialAction\":[{\"@type\":\"ReadAction\",\"target\":[\"https:\/\/clarisas.cat\/ca\/acte-clarisses-girona\/festa-de-santa-clara-dassis\/\"]}]},{\"@type\":\"BreadcrumbList\",\"@id\":\"https:\/\/clarisas.cat\/ca\/acte-clarisses-girona\/festa-de-santa-clara-dassis\/#breadcrumb\",\"itemListElement\":[{\"@type\":\"ListItem\",\"position\":1,\"name\":\"Inici\",\"item\":\"https:\/\/clarisas.cat\/ca\/\"},{\"@type\":\"ListItem\",\"position\":2,\"name\":\"Esdeveniments\",\"item\":\"https:\/\/clarisas.cat\/ca\/agenda-clarisses-girona\/\"},{\"@type\":\"ListItem\",\"position\":3,\"name\":\"Festa de Santa Clara d&#8217;Ass\\u00eds\"}]}]}<\/script>\n<!-- \/ Yoast SEO plugin. -->","yoast_head_json":{"title":"Festa de Santa Clara d'Ass\u00eds | Agenda","description":"Agenda de la Fraternitat de Clarisses: Festa de Santa Clara d'Ass\u00eds","robots":{"index":"index","follow":"follow","max-snippet":"max-snippet:-1","max-image-preview":"max-image-preview:large","max-video-preview":"max-video-preview:-1"},"canonical":"https:\/\/clarisas.cat\/ca\/acte-clarisses-girona\/festa-de-santa-clara-dassis\/","og_locale":"ca_ES","og_type":"article","og_title":"Festa de Santa Clara d'Ass\u00eds | Agenda","og_description":"Agenda de la Fraternitat de Clarisses: Festa de Santa Clara d'Ass\u00eds","og_url":"https:\/\/clarisas.cat\/ca\/acte-clarisses-girona\/festa-de-santa-clara-dassis\/","og_site_name":"Fraternitat de Clarisses de Vilob\u00ed d\u2019Onyar - Girona | Hostatgeria","article_publisher":"https:\/\/www.facebook.com\/claradassis.fraternitatgirona","og_image":[{"url":"https:\/\/clarisas.cat\/wp-content\/uploads\/2019\/09\/S.Chiara-1-260x300.jpg"}],"twitter_card":"summary_large_image","twitter_site":"@clarisasvilobi","twitter_misc":{"Temps estimat de lectura":"1 minut"},"schema":{"@context":"https:\/\/schema.org","@graph":[{"@type":"WebSite","@id":"https:\/\/clarisas.cat\/ca\/#website","url":"https:\/\/clarisas.cat\/ca\/","name":"Fraternitat de Clarisses de Vilob\u00ed d\u2019Onyar - Girona | Hostatgeria","description":"Les Clarisses de Girona desitgem compartir la riquesa i joia de viure, des de la fraternitat i la preg\u00e0ria. Obert a tothom que vulgui compartir la preg\u00e0ria.","potentialAction":[{"@type":"SearchAction","target":{"@type":"EntryPoint","urlTemplate":"https:\/\/clarisas.cat\/ca\/?s={search_term_string}"},"query-input":"required name=search_term_string"}],"inLanguage":"ca"},{"@type":"ImageObject","@id":"https:\/\/clarisas.cat\/ca\/acte-clarisses-girona\/festa-de-santa-clara-dassis\/#primaryimage","inLanguage":"ca","url":"https:\/\/clarisas.cat\/wp-content\/uploads\/2019\/09\/S.Chiara-1.jpg","contentUrl":"https:\/\/clarisas.cat\/wp-content\/uploads\/2019\/09\/S.Chiara-1.jpg","width":510,"height":588,"caption":"festa de santa clara"},{"@type":"WebPage","@id":"https:\/\/clarisas.cat\/ca\/acte-clarisses-girona\/festa-de-santa-clara-dassis\/#webpage","url":"https:\/\/clarisas.cat\/ca\/acte-clarisses-girona\/festa-de-santa-clara-dassis\/","name":"Festa de Santa Clara d'Ass\u00eds | Agenda","isPartOf":{"@id":"https:\/\/clarisas.cat\/ca\/#website"},"primaryImageOfPage":{"@id":"https:\/\/clarisas.cat\/ca\/acte-clarisses-girona\/festa-de-santa-clara-dassis\/#primaryimage"},"datePublished":"2022-08-02T10:45:07+00:00","dateModified":"2022-08-02T10:45:07+00:00","description":"Agenda de la Fraternitat de Clarisses: Festa de Santa Clara d'Ass\u00eds","breadcrumb":{"@id":"https:\/\/clarisas.cat\/ca\/acte-clarisses-girona\/festa-de-santa-clara-dassis\/#breadcrumb"},"inLanguage":"ca","potentialAction":[{"@type":"ReadAction","target":["https:\/\/clarisas.cat\/ca\/acte-clarisses-girona\/festa-de-santa-clara-dassis\/"]}]},{"@type":"BreadcrumbList","@id":"https:\/\/clarisas.cat\/ca\/acte-clarisses-girona\/festa-de-santa-clara-dassis\/#breadcrumb","itemListElement":[{"@type":"ListItem","position":1,"name":"Inici","item":"https:\/\/clarisas.cat\/ca\/"},{"@type":"ListItem","position":2,"name":"Esdeveniments","item":"https:\/\/clarisas.cat\/ca\/agenda-clarisses-girona\/"},{"@type":"ListItem","position":3,"name":"Festa de Santa Clara d&#8217;Ass\u00eds"}]}]}},"_links":{"self":[{"href":"https:\/\/clarisas.cat\/ca\/wp-json\/wp\/v2\/tribe_events\/17724"}],"collection":[{"href":"https:\/\/clarisas.cat\/ca\/wp-json\/wp\/v2\/tribe_events"}],"about":[{"href":"https:\/\/clarisas.cat\/ca\/wp-json\/wp\/v2\/types\/tribe_events"}],"author":[{"embeddable":true,"href":"https:\/\/clarisas.cat\/ca\/wp-json\/wp\/v2\/users\/3"}],"replies":[{"embeddable":true,"href":"https:\/\/clarisas.cat\/ca\/wp-json\/wp\/v2\/comments?post=17724"}],"version-history":[{"count":5,"href":"https:\/\/clarisas.cat\/ca\/wp-json\/wp\/v2\/tribe_events\/17724\/revisions"}],"predecessor-version":[{"id":17729,"href":"https:\/\/clarisas.cat\/ca\/wp-json\/wp\/v2\/tribe_events\/17724\/revisions\/17729"}],"wp:attachment":[{"href":"https:\/\/clarisas.cat\/ca\/wp-json\/wp\/v2\/media?parent=17724"}],"wp:term":[{"taxonomy":"post_tag","embeddable":true,"href":"https:\/\/clarisas.cat\/ca\/wp-json\/wp\/v2\/tags?post=17724"},{"taxonomy":"tribe_events_cat","embeddable":true,"href":"https:\/\/clarisas.cat\/ca\/wp-json\/wp\/v2\/tribe_events_cat?post=17724"}],"curies":[{"name":"wp","href":"https:\/\/api.w.org\/{rel}","templated":true}]}}

Festa de Santa Clara d&#8217;Assís

<p style="text-align: left;">
<div id="attachment_16855" style="width: 270px" class="wp-caption alignnone"><img aria-describedby="caption-attachment-16855" class="wp-image-16855 size-medium" src="https://clarisas.cat/wp-content/uploads/2019/09/S.Chiara-1-260x300.jpg" alt="festa de santa clara" width="260" height="300" srcset="https://clarisas.cat/wp-content/uploads/2019/09/S.Chiara-1-260x300.jpg 260w, https://clarisas.cat/wp-content/uploads/2019/09/S.Chiara-1.jpg 510w" sizes="(max-width: 260px) 100vw, 260px" /><p id="caption-attachment-16855" class="wp-caption-text">Missa d&#8217;acció de gràcies a les 11&#8217;30. Trobada fraterna amb les germanes.</p></div>
<p style="text-align: left;">Benet XVI parlant de  santa Clara, afirmà que:  “El seu testimoni ens mostra quant deu l&#8217;Església a dones valentes i plenes de fe com ella, capaces de donar un impuls decisiu per a la renovació de l&#8217;Església.”</p>

<p>“El seu testimoni ens mostra quant deu l&#8217;Església a dones valentes i plenes de fe com ella, capaces de donar un impuls decisiu per a la renovació de l&#8217;Església.”</p>

<!-- This site is optimized with the Yoast SEO plugin v17.6 - https://yoast.com/wordpress/plugins/seo/ -->
<title>Festa de Santa Clara d&#039;Assís | Agenda</title>
<meta name="description" content="Agenda de la Fraternitat de Clarisses: Festa de Santa Clara d&#039;Assís" />
<meta name="robots" content="index, follow, max-snippet:-1, max-image-preview:large, max-video-preview:-1" />
<link rel="canonical" href="https://clarisas.cat/ca/acte-clarisses-girona/festa-de-santa-clara-dassis/" />
<meta property="og:locale" content="ca_ES" />
<meta property="og:type" content="article" />
<meta property="og:title" content="Festa de Santa Clara d&#039;Assís | Agenda" />
<meta property="og:description" content="Agenda de la Fraternitat de Clarisses: Festa de Santa Clara d&#039;Assís" />
<meta property="og:url" content="https://clarisas.cat/ca/acte-clarisses-girona/festa-de-santa-clara-dassis/" />
<meta property="og:site_name" content="Fraternitat de Clarisses de Vilobí d’Onyar - Girona | Hostatgeria" />
<meta property="article:publisher" content="https://www.facebook.com/claradassis.fraternitatgirona" />
<meta property="og:image" content="https://clarisas.cat/wp-content/uploads/2019/09/S.Chiara-1-260x300.jpg" />
<meta name="twitter:card" content="summary_large_image" />
<meta name="twitter:site" content="@clarisasvilobi" />
<meta name="twitter:label1" content="Temps estimat de lectura" />
	<meta name="twitter:data1" content="1 minut" />
<script type="application/ld+json" class="yoast-schema-graph">{"@context":"https://schema.org","@graph":[{"@type":"WebSite","@id":"https://clarisas.cat/ca/#website","url":"https://clarisas.cat/ca/","name":"Fraternitat de Clarisses de Vilob\u00ed d\u2019Onyar - Girona | Hostatgeria","description":"Les Clarisses de Girona desitgem compartir la riquesa i joia de viure, des de la fraternitat i la preg\u00e0ria. Obert a tothom que vulgui compartir la preg\u00e0ria.","potentialAction":[{"@type":"SearchAction","target":{"@type":"EntryPoint","urlTemplate":"https://clarisas.cat/ca/?s={search_term_string}"},"query-input":"required name=search_term_string"}],"inLanguage":"ca"},{"@type":"ImageObject","@id":"https://clarisas.cat/ca/acte-clarisses-girona/festa-de-santa-clara-dassis/#primaryimage","inLanguage":"ca","url":"https://clarisas.cat/wp-content/uploads/2019/09/S.Chiara-1.jpg","contentUrl":"https://clarisas.cat/wp-content/uploads/2019/09/S.Chiara-1.jpg","width":510,"height":588,"caption":"festa de santa clara"},{"@type":"WebPage","@id":"https://clarisas.cat/ca/acte-clarisses-girona/festa-de-santa-clara-dassis/#webpage","url":"https://clarisas.cat/ca/acte-clarisses-girona/festa-de-santa-clara-dassis/","name":"Festa de Santa Clara d'Ass\u00eds | Agenda","isPartOf":{"@id":"https://clarisas.cat/ca/#website"},"primaryImageOfPage":{"@id":"https://clarisas.cat/ca/acte-clarisses-girona/festa-de-santa-clara-dassis/#primaryimage"},"datePublished":"2022-08-02T10:45:07+00:00","dateModified":"2022-08-02T10:45:07+00:00","description":"Agenda de la Fraternitat de Clarisses: Festa de Santa Clara d'Ass\u00eds","breadcrumb":{"@id":"https://clarisas.cat/ca/acte-clarisses-girona/festa-de-santa-clara-dassis/#breadcrumb"},"inLanguage":"ca","potentialAction":[{"@type":"ReadAction","target":["https://clarisas.cat/ca/acte-clarisses-girona/festa-de-santa-clara-dassis/"]}]},{"@type":"BreadcrumbList","@id":"https://clarisas.cat/ca/acte-clarisses-girona/festa-de-santa-clara-dassis/#breadcrumb","itemListElement":[{"@type":"ListItem","position":1,"name":"Inici","item":"https://clarisas.cat/ca/"},{"@type":"ListItem","position":2,"name":"Esdeveniments","item":"https://clarisas.cat/ca/agenda-clarisses-girona/"},{"@type":"ListItem","position":3,"name":"Festa de Santa Clara d&#8217;Ass\u00eds"}]}]}</script>
<!-- / Yoast SEO plugin. -->

Festa de Santa Clara d'Assís | Agenda

Agenda de la Fraternitat de Clarisses: Festa de Santa Clara d'Assís

Fraternitat de Clarisses de Vilobí d’Onyar - Girona | Hostatgeria

Les Clarisses de Girona desitgem compartir la riquesa i joia de viure, des de la fraternitat i la pregària. Obert a tothom que vulgui compartir la pregària.
